{"id":883,"date":"2021-12-06T10:52:03","date_gmt":"2021-12-06T13:52:03","guid":{"rendered":"http:\/\/docentes.univasf.edu.br\/militao.figueredo\/site\/?page_id=883"},"modified":"2021-12-06T10:52:03","modified_gmt":"2021-12-06T13:52:03","slug":"proposta-de-unificacao-das-fisicas-experimentais-i-e-ii","status":"publish","type":"page","link":"https:\/\/docentes.univasf.edu.br\/militao.figueredo\/site\/index.php\/proposta-de-unificacao-das-fisicas-experimentais-i-e-ii\/","title":{"rendered":"Proposta de unifica\u00e7\u00e3o das F\u00edsicas Experimentais I e II"},"content":{"rendered":"\n<iframe class=\"wonderplugin-pdf-iframe\" src=\"https:\/\/docentes.univasf.edu.br\/militao.figueredo\/site\/wp-content\/plugins\/wonderplugin-pdf-embed\/pdfjs\/web\/viewer.html?file=https%3A%2F%2Fdocentes.univasf.edu.br%2Fmilitao.figueredo%2Fsite%2Fwp-content%2Fuploads%2F2021%2F12%2FProposta_Exp_A.pdf\" width=\"100%\" height=\"600px\" style=\"border:0;\"><\/iframe>\n\n\n\n<p><\/p>\n","protected":false},"excerpt":{"rendered":"","protected":false},"author":1,"featured_media":0,"parent":0,"menu_order":0,"comment_status":"closed","ping_status":"closed","template":"","meta":[],"_links":{"self":[{"href":"https:\/\/docentes.univasf.edu.br\/militao.figueredo\/site\/index.php\/wp-json\/wp\/v2\/pages\/883"}],"collection":[{"href":"https:\/\/docentes.univasf.edu.br\/militao.figueredo\/site\/index.php\/wp-json\/wp\/v2\/pages"}],"about":[{"href":"https:\/\/docentes.univasf.edu.br\/militao.figueredo\/site\/index.php\/wp-json\/wp\/v2\/types\/page"}],"author":[{"embeddable":true,"href":"https:\/\/docentes.univasf.edu.br\/militao.figueredo\/site\/index.php\/wp-json\/wp\/v2\/users\/1"}],"replies":[{"embeddable":true,"href":"https:\/\/docentes.univasf.edu.br\/militao.figueredo\/site\/index.php\/wp-json\/wp\/v2\/comments?post=883"}],"version-history":[{"count":3,"href":"https:\/\/docentes.univasf.edu.br\/militao.figueredo\/site\/index.php\/wp-json\/wp\/v2\/pages\/883\/revisions"}],"predecessor-version":[{"id":886,"href":"https:\/\/docentes.univasf.edu.br\/militao.figueredo\/site\/index.php\/wp-json\/wp\/v2\/pages\/883\/revisions\/886"}],"wp:attachment":[{"href":"https:\/\/docentes.univasf.edu.br\/militao.figueredo\/site\/index.php\/wp-json\/wp\/v2\/media?parent=883"}],"curies":[{"name":"wp","href":"https:\/\/api.w.org\/{rel}","templated":true}]}}